divisor of 30720 and 3214720.
640
What is the highest common factor of 43572944 and 22640?
4528
Calculate the highest common factor of 3710 and 98452535.
265
What is the highest common factor of 8 and 22875674?
2
What is the highest common factor of 1035 and 10333395?
45
What is the highest common factor of 1409470557 and 726?
363
Calculate the highest common divisor of 731 and 15413479.
43
Calculate the greatest common divisor of 8232399 and 27.
9
What is the greatest common factor of 744 and 71113380?
372
What is the greatest common factor of 4301 and 3752155?
187
Calculate the highest common factor of 342 and 8620659.
9
Calculate the highest common factor of 1225 and 62993350.
175
Calculate the highest common divisor of 703 and 186323971.
37
Calculate the greatest common divisor of 15590 and 1270.
10
What is the highest common divisor of 835776 and 7872?
192
Calculate the highest common factor of 1071 and 3884823.
153
What is the highest common factor of 98332032 and 1467?
489
Calculate the highest common divisor of 1896 and 382425096.
1896
Calculate the highest common divisor of 52 and 31523544.
52
Calculate the greatest common divisor of 61168 and 30064.
16
Calculate the greatest common divisor of 638 and 722600714.
638
Calculate the highest common divisor of 496 and 866171.
31
What is the highest common factor of 100092 and 61959?
57
Calculate the highest common factor of 175756167 and 4815.
963
Calculate the highest common factor of 90634 and 922.
2
Calculate the greatest common factor of 43333 and 7463.
17
Calculate the highest common factor of 1250480 and 8477392.
8624
Calculate the highest common factor of 3064650 and 1725.
75
Calculate the highest common factor of 52299 and 15536826.
4023
What is the highest common divisor of 26 and 8978840?
26
Calculate the highest common divisor of 133315 and 385.
35
Calculate the highest common divisor of 9592000 and 1108000.
4000
Calculate the greatest common factor of 4380 and 2363156.
292
What is the highest common factor of 204067514 and 1316?
658
Calculate the greatest common divisor of 258 and 139656002.
86
Calculate the highest common factor of 21310692 and 192.
12
Calculate the greatest common factor of 60 and 357322395.
15
What is the highest common divisor of 230209180 and 1335?
445
What is the greatest common factor of 433285 and 948595?
965
What is the highest common factor of 12 and 6620748?
12
Calculate the highest common factor of 443610 and 4255794.
2862
What is the highest common factor of 8490031 and 1013507?
5093
Calculate the highest common divisor of 190 and 178110.
10
What is the greatest common divisor of 319805321 and 836?
209
Calculate the highest common divisor of 337 and 313284973.
337
Calculate the highest common divisor of 8 and 10347208.
8
Calculate the highest common divisor of 31881312 and 3826335.
14439
Calculate the greatest common divisor of 31136 and 11951776.
4448
Calculate the greatest common divisor of 3793 and 1057579432.
3793
What is the greatest common divisor of 20744136 and 316?
316
What is the highest common divisor of 3556 and 4400956?
28
What is the greatest common divisor of 111159876 and 4676?
668
What is the highest common divisor of 454 and 334727163?
227
Calculate the greatest common factor of 20315 and 154360.
85
Calculate the highest common factor of 36 and 46399932.
36
What is the greatest common factor of 25719011 and 51?
17
What is the highest common factor of 25158 and 632037?
21
What is the greatest common factor of 114 and 17544948?
6
What is the greatest common factor of 34393 and 3252987?
211
What is the highest common divisor of 507840 and 5853385?
2645
Calculate the greatest common divisor of 184236297 and 7.
7
Calculate the highest common factor of 8129050 and 5.
5
What is the highest common divisor of 219931205 and 930?
155
Calculate the greatest common divisor of 55949978 and 806.
62
What is the highest common factor of 21483 and 63679?
77
Calculate the greatest common factor of 590002 and 54427.
37
What is the highest common factor of 13303532 and 374?
22
What is the highest common divisor of 24044685 and 29631?
1743
Calculate the greatest common factor of 2927 and 583257436.
2927
What is the highest common factor of 1275447 and 15?
3
What is the greatest common divisor of 9 and 40003149?
3
What is the highest common factor of 100 and 4810340?
20
What is the greatest common divisor of 528 and 2885744?
16
Calculate the greatest common factor of 4150 and 26450.
50
What is the highest common factor of 107706 and 45501?
87
What is the greatest common factor of 18019 and 8279?
487
Calculate the highest common divisor of 28 and 218379910.
14
What is the greatest common divisor of 11 and 152713?
11
What is the greatest common factor of 219 and 336135?
3
What is the greatest common factor of 4945080217 and 77?
77
Calculate the greatest common divisor of 152 and 244052131.
19
What is the greatest common divisor of 110880 and 2091870?
990
What is the highest common factor of 2216 and 465824?
8
What is the highest common factor of 4612368 and 108?
12
What is the highest common factor of 10608 and 5388?
12
Calculate the highest common divisor of 15872 and 1822583.
31
What is the greatest common factor of 36993 and 317889?
627
What is the greatest common factor of 638777328 and 606?
606
What is the highest common divisor of 180211499 and 52715?
10543
Calculate the greatest common divisor of 7975090 and 70.
10
What is the highest common factor of 1782 and 367370586?
594
Calculate the greatest common factor of 3340 and 3723110.
10
Calculate the highest common factor of 7163642100 and 6900.
6900
Calculate the highest common factor of 27 and 839349.
27
What is the highest common factor of 1476 and 25945428?
12
Calculate the highest common divisor of 1416087 and 1242.
207
Calculate the highest common divisor of 410205 and 6.
3
Calculate the greatest common factor of 1132 and 174394222.
566
What is the highest common divisor of 594 and 27960746?
22
Calculate the highest common factor of 1087263 and 6081642.
2511
What is the greatest common divisor of 5472 and 411426?
342
Calculate the highest common factor of 3696 and 98053824.
528
What is the greatest common divisor of 7525 and 1013075?
175
What is the greatest common factor of 71 and 7174905?
71
What is the highest common divisor of 581028 and 6552?
84
What is the highest common factor of 499 and 22368673?
499
What is the highest common factor of 100 and 11399825?
25
What is the highest common divisor of 16032 and 16388211?
501
What is the greatest common factor of 9213 and 9306129?
111
What is the greatest common divisor of 1737309 and 21?
21
What is the greatest common divisor of 212607 and 1467?
9
What is the highest common factor of 364720 and 59408?
752
What is the greatest common divisor of 274 and 1619203?
137
What is the highest common factor of 1158766 and 63?
7
What is the greatest common divisor of 48263413 and 1441?
1441
Calculate the highest common factor of 266 and 39911606.
14
What is the greatest common factor of 50 and 56476400?
50
Calculate the greatest common factor of 51198 and 1993824.
966
What is the highest common divisor of 1220 and 131754510?
610
What is the greatest common divisor of 1099 and 87353544?
157
What is the highest common divisor of 25143731 and 799?
799
What is the greatest common factor of 765 and 621045?
45
What is the highest common divisor of 2561143 and 66937?
247
What is the greatest common factor of 2920 and 288113480?
2920
Calculate the highest common factor of 18497057 and 307.
307
What is the highest common divisor of 8 and 313853?
1
What is the highest common factor of 97137 and 61533?
387
What is the highest common divisor of 2280 and 33335310?
570
What is the highest common factor of 16377756 and 6?
6
What is the highest common factor of 1524 and 105440226?
762
Calculate the greatest common divisor of 604 and 212364588.
604
What is the highest common factor of 25606 and 202802?
62
Calculate the greatest common divisor of 10720 and 7170.
10
What is the greatest common divisor of 40 and 243272664?
8
What is the highest common factor of 2388501685 and 95?
95
Calculate the greatest common divisor of 341479299 and 147.
21
Calculate the greatest c